hat is the units digit of 8825?
5
What is the hundreds digit of 7519308?
3
What is the ten thousands digit of 9024896?
2
What is the tens digit of 1509567?
6
What is the tens digit of 2400646?
4
What is the thousands digit of 340759?
0
What is the thousands digit of 5784178?
4
What is the tens digit of 65584?
8
What is the hundreds digit of 707081?
0
What is the units digit of 4882024?
4
What is the thousands digit of 25867?
5
What is the tens digit of 895184?
8
What is the tens digit of 98535?
3
What is the ten thousands digit of 34994?
3
What is the thousands digit of 208061?
8
What is the hundred thousands digit of 3600730?
6
What is the millions digit of 21759170?
1
What is the hundred thousands digit of 3166523?
1
What is the hundreds digit of 310786?
7
What is the hundreds digit of 1254414?
4
What is the ten thousands digit of 2998048?
9
What is the millions digit of 1343878?
1
What is the units digit of 15104?
4
What is the hundred thousands digit of 1891860?
8
What is the millions digit of 3577070?
3
What is the thousands digit of 4568865?
8
What is the ten millions digit of 12856854?
1
What is the tens digit of 26539320?
2
What is the ten thousands digit of 800399?
0
What is the ten thousands digit of 19202217?
0
What is the units digit of 4899845?
5
What is the tens digit of 630807?
0
What is the ten thousands digit of 3584765?
8
What is the ten thousands digit of 477790?
7
What is the units digit of 3103250?
0
What is the hundreds digit of 1936068?
0
What is the hundreds digit of 20488241?
2
What is the hundred thousands digit of 7432966?
4
What is the tens digit of 7066428?
2
What is the thousands digit of 1059434?
9
What is the units digit of 1409266?
6
What is the millions digit of 1096025?
1
What is the tens digit of 21918618?
1
What is the units digit of 531731?
1
What is the millions digit of 4081611?
4
What is the tens digit of 1425680?
8
What is the hundreds digit of 203552?
5
What is the hundred thousands digit of 1976552?
9
What is the millions digit of 2773356?
2
What is the hundreds digit of 309393?
3
What is the thousands digit of 2178152?
8
What is the units digit of 478017?
7
What is the units digit of 18919784?
4
What is the hundred thousands digit of 117035?
1
What is the hundreds digit of 648255?
2
What is the hundred thousands digit of 1195062?
1
What is the millions digit of 6542850?
6
What is the hundreds digit of 681410?
4
What is the ten thousands digit of 5287083?
8
What is the ten thousands digit of 149082?
4
What is the hundreds digit of 217009?
0
What is the units digit of 1608464?
4
What is the thousands digit of 52475?
2
What is the hundreds digit of 2645414?
4
What is the hundred thousands digit of 824424?
8
What is the ten thousands digit of 1237732?
3
What is the thousands digit of 661492?
1
What is the hundred thousands digit of 247664?
2
What is the units digit of 1567312?
2
What is the hundreds digit of 764064?
0
What is the thousands digit of 75638?
5
What is the millions digit of 3404507?
3
What is the tens digit of 1111362?
6
What is the hundreds digit of 1128021?
0
What is the hundred thousands digit of 27716972?
7
What is the hundred thousands digit of 235876?
2
What is the tens digit of 208573?
7
What is the hundreds digit of 6957324?
3
What is the tens digit of 192050?
5
What is the units digit of 225262?
2
What is the units digit of 206761?
1
What is the ten millions digit of 10518080?
1
What is the thousands digit of 20654?
0
What is the ten thousands digit of 164188?
6
What is the units digit of 2297748?
8
What is the thousands digit of 161085?
1
What is the tens digit of 915557?
5
What is the thousands digit of 1051005?
1
What is the millions digit of 5220606?
5
What is the thousands digit of 645393?
5
What is the hundred thousands digit of 182066?
1
What is the thousands digit of 4610504?
0
What is the tens digit of 57704?
0
What is the tens digit of 851644?
4
What is the tens digit of 673702?
0
What is the ten thousands digit of 3043941?
4
What is the hundreds digit of 2001372?
3
What is the thousands digit of 1784365?
4
What is the hundred thousands digit of 1134438?
1
What is the ten thousands digit of 845401?
4
What is the thousands digit of 569452?
9
What is the hundreds digit of 4383186?
1
What is the hundreds digit of 1733279?
2
What is the tens digit of 5200064?
6
What is the hundred thousands digit of 386224?
3
What is the thousands digit of 186485?
6
What is the hundred thousands digit of 3669434?
6
What is the millions digit of 5305862?
5
What is the hundreds digit of 10168978?
9
What is the ten thousands digit of 899844?
9
What is the millions digit of 1065977?
1
What is the hundred thousands digit of 357678?
3
What is the tens digit of 1123057?
5
What is the ten thousands digit of 775161?
7
What is the units digit of 508514?
4
What is the tens digit of 345564?
6
What is the millions digit of 23446107?
3
What is the thousands digit of 397613?
7
What is the tens digit of 211277?
7
What is the thousands digit of 1775199?
5
What is the hundreds digit of 4845365?
3
What is the hundred thousands digit of 1884365?
8
What is the units digit of 1106299?
9
What is the units digit of 8302608?
8
What is the hundred thousands digit of 1351286?
3
What is the units digit of 17650794?
4
What is the thousands digit of 355118?
5
What is the hundred thousands digit of 3164890?
1
What is the units digit of 1712376?
6
What is the hundreds digit of 11637675?
6
What is the hundred thousands digit of 3997955?
9
What is the ten thousands digit of 41177?
4
What is the thousands digit of 1645659?
5
What is the tens digit of 463526?
2
What is the hundred thousands digit of 326054?
3
What is the units digit of 4707458?
8
What is the thousands digit of 165481?
5
What is the hundreds digit of 1483291?
2
What is the hundred thousands digit of 10316026?
3
What is the tens digit of 813133?
3
What is the hundred thousands digit of 3063187?
0
What is the hundreds digit of 3147470?
4
What is the tens digit of 11644857?
5
What is the units digit of 231308?
8
What is the units digit of 417504?
4
What is the hundred thousands digit of 637702?
6
What is the hundred thousands digit of 427055?
4
What is the hundreds digit of 9163182?
1
What is the ten thousands digit of 312979?
1
What is the ten thousands digit of 6619856?
1
What is the millions digit of 1031633?
1
What is the hundreds digit of 1762894?
8
What is the hundred thousands digit of 510468?
5
What is the ten thousands digit of 12912159?
1
What is the millions digit of 32790543?
2
What is the hundreds digit of 274355?
3
What is the ten thousands digit of 4338473?
3
What is the tens digit of 4068544?
4
What is the ten thousands digit of 69148?
6
What is the thousands digit of 6632364?
2
What is the tens digit of 475666?
6
What is the thousands digit of 15017462?
7
What is the ten thousands digit of 242170?
4
What is the hundred thousands digit of 9798452?
7
What is the units digit of 1102044?
4
What is the ten thousands digit of 105619?
0
What is the hundred thousands digit of 4786241?
7
What is the hundreds digit of 690181?
1
What is the thousands digit of 133976?
3
What is the tens digit of 591529?
2
What is the thousands digit of 559663?
9
What is the ten thousands digit of 8589005?
8
What is the hundreds digit of 1147941?
9
What is the tens digit of 2977933?
3
What is the ten thousands digit of 506267?
0
What is the units digit of 3155384?
4
What is the ten thousands digit of 2004207?
0
What is the hundreds digit of 343197?
1
What is the hundred thousands digit of 15579578?
5
What is the units digit of 5193234?
4
What is the units digit of 10492096?
6
What is the ten thousands digit of 197491?
9
What is the tens digit of 271945?
4
What is the hundred thousands digit of 3162992?
1
What is the units digit of 268802?
2
What is the thousands digit of 271990?
1
What is the tens digit of 1971718?
1
What is the hundreds digit of 7145633?
6
What is the millions digit of 33565027?
3
What is the tens digit of 131109?
0
What is the hundred thousands digit of 201905?
2
What is the units digit of 457846?
6
What is the hundreds digit of 1640?
6
What is the units digit of 18277774?
4
What is the hundred thousands digit of 237786?
2
What is the hundred thousands d